{"id":164,"date":"2023-10-20T14:09:40","date_gmt":"2023-10-20T12:09:40","guid":{"rendered":"https:\/\/funoc-dev.funoc.be\/?page_id=164"},"modified":"2026-03-26T09:24:40","modified_gmt":"2026-03-26T08:24:40","slug":"digifun-lespace-numerique-de-la-funoc","status":"publish","type":"page","link":"https:\/\/funoc.be\/?page_id=164","title":{"rendered":"DIGIFUN : l&rsquo;espace num\u00e9rique de la FUNOC"},"content":{"rendered":"\n<p>DIGIFUN est un espace num\u00e9rique ouvert \u00e0 toute personne ayant besoin d\u2019am\u00e9liorer ses comp\u00e9tences informatiques.<\/p>\n\n\n\n<p class=\"has-custom-bleu-funoc-color has-text-color has-large-font-size\" style=\"font-style:normal;font-weight:700\">L\u2019ordinateur, c\u2019est compliqu\u00e9 \ud83d\ude41 ?<\/p>\n\n\n\n<p>On le fait ensemble, c\u2019est sans engagement et 100% gratuit :<\/p>\n\n\n\n<ul class=\"wp-block-list\">\n<li>Encoder un CV<\/li>\n\n\n\n<li>Cr\u00e9er une adresse mail<\/li>\n\n\n\n<li>S\u2019inscrire au Forem<\/li>\n\n\n\n<li>Consulter sa banque en ligne<\/li>\n\n\n\n<li>Se d\u00e9brouiller sur internet<\/li>\n\n\n\n<li>Utiliser Itsme ou d\u2019autres app\u2019<\/li>\n\n\n\n<li>Am\u00e9liorer ses comp\u00e9tences num\u00e9riques<\/li>\n<\/ul>\n\n\n\n<p>DIGIFUN est votre nouvel espace d\u00e9di\u00e9 \u00e0 l\u2019informatique \u00e0 la FUNOC. Sur base d\u2019un rapide \u00e9change, David d\u00e9finit avec vous un plan d\u2019action personnalis\u00e9 afin de r\u00e9pondre \u00e0 vos attentes digitales.<\/p>\n\n\n\n<div style=\"height:23px\" aria-hidden=\"true\" class=\"wp-block-spacer\"><\/div>\n\n\n\n<p class=\"has-custom-bleu-funoc-color has-text-color has-x-large-font-size\" style=\"font-style:normal;font-weight:800;line-height:1\">DIGIFUN VOUS ACCUEILLE du lundi au vendredi de 8h30\u00a0\u00e0\u00a012h15\u00a0et\u00a0de 13h00\u00a0\u00e0\u00a016h30.<\/p>\n\n\n\n<div style=\"height:5px\" aria-hidden=\"true\" class=\"wp-block-spacer\"><\/div>\n\n\n\n<div class=\"wp-block-columns is-layout-flex wp-container-core-columns-is-layout-28f84493 wp-block-columns-is-layout-flex\">\n<div class=\"wp-block-column is-layout-flow wp-block-column-is-layout-flow\">\n<div class=\"wp-block-group has-custom-beige-funoc-color has-custom-bleu-funoc-background-color has-text-color has-background has-global-padding is-layout-constrained wp-container-core-group-is-layout-52009084 wp-block-group-is-layout-constrained\" style=\"padding-top:var(--wp--preset--spacing--40);padding-right:var(--wp--preset--spacing--40);padding-bottom:var(--wp--preset--spacing--40);padding-left:var(--wp--preset--spacing--40)\">\n<p class=\"has-text-align-center\"><strong>BONUS 1<\/strong> :<br>Repair Caf\u00e9 le mercredi apr\u00e8s-midi.<br>On r\u00e9pare votre mat\u00e9riel !<\/p>\n<\/div>\n<\/div>\n\n\n\n<div class=\"wp-block-column is-layout-flow wp-block-column-is-layout-flow\">\n<div class=\"wp-block-group has-custom-beige-funoc-color has-custom-bleu-funoc-background-color has-text-color has-background has-global-padding is-layout-constrained wp-container-core-group-is-layout-7f816e57 wp-block-group-is-layout-constrained\" style=\"border-style:none;border-width:0px;margin-top:0;margin-bottom:0;padding-top:var(--wp--preset--spacing--40);padding-right:var(--wp--preset--spacing--40);padding-bottom:var(--wp--preset--spacing--40);padding-left:var(--wp--preset--spacing--40)\">\n<p class=\"has-text-align-center\"><strong>BONUS 2 :<\/strong><br>Libre acc\u00e8s \u00e0 internet le vendredi toute la journ\u00e9e pour tous et toutes.<\/p>\n<\/div>\n<\/div>\n<\/div>\n\n\n\n<div style=\"height:8px\" aria-hidden=\"true\" class=\"wp-block-spacer\"><\/div>\n\n\n\n<p class=\"has-custom-bleu-funoc-color has-text-color has-x-large-font-size\" style=\"font-style:normal;font-weight:800;line-height:1\">PAS BESOIN DE RDV, VOUS VENEZ QUAND VOUS VOULEZ.<\/p>\n\n\n\n<p class=\"has-large-font-size\">Une question ? Contactez-nous ! Et n&rsquo;oubliez pas de vous inscrire \u00e0 notre newsletter ou \u00e0 nous rejoindre sur Facebook, Instagram et Tiktok.<\/p>\n\n\n\n<p><\/p>\n","protected":false},"excerpt":{"rendered":"<p>DIGIFUN est un espace num\u00e9rique ouvert \u00e0 toute personne ayant besoin d\u2019am\u00e9liorer ses comp\u00e9tences informatiques. L\u2019ordinateur, c\u2019est compliqu\u00e9 \ud83d\ude41 ? On le fait ensemble, c\u2019est sans engagement et 100% gratuit : DIGIFUN est votre nouvel espace d\u00e9di\u00e9 \u00e0 l\u2019informatique \u00e0 la FUNOC. Sur base d\u2019un rapide \u00e9change, David d\u00e9finit avec vous un plan d\u2019action personnalis\u00e9 [&hellip;]<\/p>\n","protected":false},"author":2,"featured_media":168,"parent":0,"menu_order":0,"comment_status":"closed","ping_status":"closed","template":"","meta":{"footnotes":""},"class_list":["post-164","page","type-page","status-publish","has-post-thumbnail","hentry"],"yoast_head":"<!-- This site is optimized with the Yoast SEO plugin v21.4 - https:\/\/yoast.com\/wordpress\/plugins\/seo\/ -->\n<title>Digifun : l&#039;espace num\u00e9rique de la FUNOC<\/title>\n<meta name=\"description\" content=\"DIGIFUN est un espace num\u00e9rique ouvert \u00e0 toute personne ayant besoin d\u2019am\u00e9liorer ses comp\u00e9tences informatiques.\" \/>\n<meta name=\"robots\" content=\"index, follow, max-snippet:-1, max-image-preview:large, max-video-preview:-1\" \/>\n<link rel=\"canonical\" href=\"https:\/\/funoc.be\/?page_id=164\" \/>\n<meta property=\"og:locale\" content=\"fr_FR\" \/>\n<meta property=\"og:type\" content=\"article\" \/>\n<meta property=\"og:title\" content=\"Digifun : l&#039;espace num\u00e9rique de la FUNOC\" \/>\n<meta property=\"og:description\" content=\"DIGIFUN est un espace num\u00e9rique ouvert \u00e0 toute personne ayant besoin d\u2019am\u00e9liorer ses comp\u00e9tences informatiques.\" \/>\n<meta property=\"og:url\" content=\"https:\/\/funoc.be\/?page_id=164\" \/>\n<meta property=\"og:site_name\" content=\"Funoc\" \/>\n<meta property=\"article:publisher\" content=\"https:\/\/www.facebook.com\/la.funoc\" \/>\n<meta property=\"article:modified_time\" content=\"2026-03-26T08:24:40+00:00\" \/>\n<meta property=\"og:image\" content=\"https:\/\/funoc.be\/wp-content\/uploads\/2023\/10\/digifun_logo_bleu_poursite_fond_transparent.png\" \/>\n\t<meta property=\"og:image:width\" content=\"1200\" \/>\n\t<meta property=\"og:image:height\" content=\"486\" \/>\n\t<meta property=\"og:image:type\" content=\"image\/png\" \/>\n<meta name=\"twitter:card\" content=\"summary_large_image\" \/>\n<meta name=\"twitter:label1\" content=\"Dur\u00e9e de lecture estim\u00e9e\" \/>\n\t<meta name=\"twitter:data1\" content=\"1 minute\" \/>\n<script type=\"application\/ld+json\" class=\"yoast-schema-graph\">{\"@context\":\"https:\/\/schema.org\",\"@graph\":[{\"@type\":\"WebPage\",\"@id\":\"https:\/\/funoc.be\/?page_id=164\",\"url\":\"https:\/\/funoc.be\/?page_id=164\",\"name\":\"Digifun : l'espace num\u00e9rique de la FUNOC\",\"isPartOf\":{\"@id\":\"https:\/\/funoc.be\/#website\"},\"datePublished\":\"2023-10-20T12:09:40+00:00\",\"dateModified\":\"2026-03-26T08:24:40+00:00\",\"description\":\"DIGIFUN est un espace num\u00e9rique ouvert \u00e0 toute personne ayant besoin d\u2019am\u00e9liorer ses comp\u00e9tences informatiques.\",\"breadcrumb\":{\"@id\":\"https:\/\/funoc.be\/?page_id=164#breadcrumb\"},\"inLanguage\":\"fr-FR\",\"potentialAction\":[{\"@type\":\"ReadAction\",\"target\":[\"https:\/\/funoc.be\/?page_id=164\"]}]},{\"@type\":\"BreadcrumbList\",\"@id\":\"https:\/\/funoc.be\/?page_id=164#breadcrumb\",\"itemListElement\":[{\"@type\":\"ListItem\",\"position\":1,\"name\":\"Accueil\",\"item\":\"https:\/\/funoc.be\/\"},{\"@type\":\"ListItem\",\"position\":2,\"name\":\"DIGIFUN : l&rsquo;espace num\u00e9rique de la FUNOC\"}]},{\"@type\":\"WebSite\",\"@id\":\"https:\/\/funoc.be\/#website\",\"url\":\"https:\/\/funoc.be\/\",\"name\":\"FUNOC : la formation \u00e0 Charleroi\",\"description\":\"La formation, c&#039;est FUN&#039; OK ?\",\"publisher\":{\"@id\":\"https:\/\/funoc.be\/#organization\"},\"potentialAction\":[{\"@type\":\"SearchAction\",\"target\":{\"@type\":\"EntryPoint\",\"urlTemplate\":\"https:\/\/funoc.be\/?s={search_term_string}\"},\"query-input\":\"required name=search_term_string\"}],\"inLanguage\":\"fr-FR\"},{\"@type\":\"Organization\",\"@id\":\"https:\/\/funoc.be\/#organization\",\"name\":\"FUNOC : la formation \u00e0 Charleroi\",\"url\":\"https:\/\/funoc.be\/\",\"logo\":{\"@type\":\"ImageObject\",\"inLanguage\":\"fr-FR\",\"@id\":\"https:\/\/funoc.be\/#\/schema\/logo\/image\/\",\"url\":\"https:\/\/funoc.be\/wp-content\/uploads\/2023\/10\/funoc_logo_positif_sansfond_900X900_72pdi.png\",\"contentUrl\":\"https:\/\/funoc.be\/wp-content\/uploads\/2023\/10\/funoc_logo_positif_sansfond_900X900_72pdi.png\",\"width\":900,\"height\":900,\"caption\":\"FUNOC : la formation \u00e0 Charleroi\"},\"image\":{\"@id\":\"https:\/\/funoc.be\/#\/schema\/logo\/image\/\"},\"sameAs\":[\"https:\/\/www.facebook.com\/la.funoc\"]}]}<\/script>\n<!-- \/ Yoast SEO plugin. -->","yoast_head_json":{"title":"Digifun : l'espace num\u00e9rique de la FUNOC","description":"DIGIFUN est un espace num\u00e9rique ouvert \u00e0 toute personne ayant besoin d\u2019am\u00e9liorer ses comp\u00e9tences informatiques.","robots":{"index":"index","follow":"follow","max-snippet":"max-snippet:-1","max-image-preview":"max-image-preview:large","max-video-preview":"max-video-preview:-1"},"canonical":"https:\/\/funoc.be\/?page_id=164","og_locale":"fr_FR","og_type":"article","og_title":"Digifun : l'espace num\u00e9rique de la FUNOC","og_description":"DIGIFUN est un espace num\u00e9rique ouvert \u00e0 toute personne ayant besoin d\u2019am\u00e9liorer ses comp\u00e9tences informatiques.","og_url":"https:\/\/funoc.be\/?page_id=164","og_site_name":"Funoc","article_publisher":"https:\/\/www.facebook.com\/la.funoc","article_modified_time":"2026-03-26T08:24:40+00:00","og_image":[{"width":1200,"height":486,"url":"https:\/\/funoc.be\/wp-content\/uploads\/2023\/10\/digifun_logo_bleu_poursite_fond_transparent.png","type":"image\/png"}],"twitter_card":"summary_large_image","twitter_misc":{"Dur\u00e9e de lecture estim\u00e9e":"1 minute"},"schema":{"@context":"https:\/\/schema.org","@graph":[{"@type":"WebPage","@id":"https:\/\/funoc.be\/?page_id=164","url":"https:\/\/funoc.be\/?page_id=164","name":"Digifun : l'espace num\u00e9rique de la FUNOC","isPartOf":{"@id":"https:\/\/funoc.be\/#website"},"datePublished":"2023-10-20T12:09:40+00:00","dateModified":"2026-03-26T08:24:40+00:00","description":"DIGIFUN est un espace num\u00e9rique ouvert \u00e0 toute personne ayant besoin d\u2019am\u00e9liorer ses comp\u00e9tences informatiques.","breadcrumb":{"@id":"https:\/\/funoc.be\/?page_id=164#breadcrumb"},"inLanguage":"fr-FR","potentialAction":[{"@type":"ReadAction","target":["https:\/\/funoc.be\/?page_id=164"]}]},{"@type":"BreadcrumbList","@id":"https:\/\/funoc.be\/?page_id=164#breadcrumb","itemListElement":[{"@type":"ListItem","position":1,"name":"Accueil","item":"https:\/\/funoc.be\/"},{"@type":"ListItem","position":2,"name":"DIGIFUN : l&rsquo;espace num\u00e9rique de la FUNOC"}]},{"@type":"WebSite","@id":"https:\/\/funoc.be\/#website","url":"https:\/\/funoc.be\/","name":"FUNOC : la formation \u00e0 Charleroi","description":"La formation, c&#039;est FUN&#039; OK ?","publisher":{"@id":"https:\/\/funoc.be\/#organization"},"potentialAction":[{"@type":"SearchAction","target":{"@type":"EntryPoint","urlTemplate":"https:\/\/funoc.be\/?s={search_term_string}"},"query-input":"required name=search_term_string"}],"inLanguage":"fr-FR"},{"@type":"Organization","@id":"https:\/\/funoc.be\/#organization","name":"FUNOC : la formation \u00e0 Charleroi","url":"https:\/\/funoc.be\/","logo":{"@type":"ImageObject","inLanguage":"fr-FR","@id":"https:\/\/funoc.be\/#\/schema\/logo\/image\/","url":"https:\/\/funoc.be\/wp-content\/uploads\/2023\/10\/funoc_logo_positif_sansfond_900X900_72pdi.png","contentUrl":"https:\/\/funoc.be\/wp-content\/uploads\/2023\/10\/funoc_logo_positif_sansfond_900X900_72pdi.png","width":900,"height":900,"caption":"FUNOC : la formation \u00e0 Charleroi"},"image":{"@id":"https:\/\/funoc.be\/#\/schema\/logo\/image\/"},"sameAs":["https:\/\/www.facebook.com\/la.funoc"]}]}},"_links":{"self":[{"href":"https:\/\/funoc.be\/index.php?rest_route=\/wp\/v2\/pages\/164","targetHints":{"allow":["GET"]}}],"collection":[{"href":"https:\/\/funoc.be\/index.php?rest_route=\/wp\/v2\/pages"}],"about":[{"href":"https:\/\/funoc.be\/index.php?rest_route=\/wp\/v2\/types\/page"}],"author":[{"embeddable":true,"href":"https:\/\/funoc.be\/index.php?rest_route=\/wp\/v2\/users\/2"}],"replies":[{"embeddable":true,"href":"https:\/\/funoc.be\/index.php?rest_route=%2Fwp%2Fv2%2Fcomments&post=164"}],"version-history":[{"count":10,"href":"https:\/\/funoc.be\/index.php?rest_route=\/wp\/v2\/pages\/164\/revisions"}],"predecessor-version":[{"id":669,"href":"https:\/\/funoc.be\/index.php?rest_route=\/wp\/v2\/pages\/164\/revisions\/669"}],"wp:featuredmedia":[{"embeddable":true,"href":"https:\/\/funoc.be\/index.php?rest_route=\/wp\/v2\/media\/168"}],"wp:attachment":[{"href":"https:\/\/funoc.be\/index.php?rest_route=%2Fwp%2Fv2%2Fmedia&parent=164"}],"curies":[{"name":"wp","href":"https:\/\/api.w.org\/{rel}","templated":true}]}}