{"id":228,"date":"2023-10-23T16:08:11","date_gmt":"2023-10-23T14:08:11","guid":{"rendered":"https:\/\/funoc-dev.funoc.be\/?page_id=228"},"modified":"2025-11-24T10:09:19","modified_gmt":"2025-11-24T09:09:19","slug":"la-funoc-dans-la-presse","status":"publish","type":"page","link":"https:\/\/funoc.be\/?page_id=228","title":{"rendered":"La FUNOC dans la presse"},"content":{"rendered":"\n<p>La Funoc essaie de faire parler d&rsquo;elle. Voici quelques-unes des recensions de nos activit\u00e9s dans la presse locale.<\/p>\n\n\n\n<h2 class=\"wp-block-heading\">2025<\/h2>\n\n\n\n<h4 class=\"wp-block-heading\">R\u00e9formes du ch\u00f4mage<\/h4>\n\n\n\n<ul class=\"wp-block-list\">\n<li><a href=\"https:\/\/www.moustique.be\/notre-epoque\/les-infos\/2025\/11\/17\/lulzime-et-samira-bientot-exclues-du-chomage-jai-pense-au-loyer-aux-factures-aux-activites-des-enfants-mon-reve-sest-brise-NYLIEMMGPVDRDOX4XMDAJJCBUA\/?utm_medium=Social&amp;utm_source=Facebook&amp;fbclid=IwY2xjawOQ_4ZleHRuA2FlbQIxMQBzcnRjBmFwcF9pZBAyMjIwMzkxNzg4MjAwODkyAAEeT44SArt1StS_FLTc2Sq-u53veBJ3qDDrmbNt3BAPeThlaYY8M6sjz-7DA8Q_aem_HwfzzyJLti6T3kbV7Nehew#Echobox=1763020942\" target=\"_blank\" rel=\"noreferrer noopener\">Moustique<\/a><\/li>\n\n\n\n<li><a href=\"https:\/\/www.dhnet.be\/regions\/charleroi\/2025\/10\/20\/inquietude-a-la-funoc-demobilisation-des-stagiaires-et-menaces-de-pertes-demploi-lecole-de-la-derniere-chance-face-a-un-supertyphon-23C7EDMJCNBS7ACEWGKGCBRKPQ\/?fbclid=IwY2xjawOQ_6lleHRuA2FlbQIxMABicmlkETB4b1dYV1RFbXlTV3Q3SFNQc3J0YwZhcHBfaWQQMjIyMDM5MTc4ODIwMDg5MgABHusYDApG3E7lJXb6YbJuk-kcJZnev39FEvV8axL95GogTG9ZDEzZmLf0VlSN_aem_O1rv5GkitGZzJicMXcpLPQ\" target=\"_blank\" rel=\"noreferrer noopener\">La DH<\/a><\/li>\n\n\n\n<li><a href=\"https:\/\/www.rtbf.be\/article\/reforme-du-chomage-les-demandes-augmentent-dans-les-centres-de-formation-les-gens-sont-en-panique-11601543?fbclid=IwY2xjawOQ_9ZleHRuA2FlbQIxMQBzcnRjBmFwcF9pZBAyMjIwMzkxNzg4MjAwODkyAAEeMko8OOc-1UoXJa5gia1xQibKO4iS0lvdTd-Q3nPzmRSHBql-mmz8f1cG0JQ_aem_MAuHWt_Fhkskmk16ML_2vw\" target=\"_blank\" rel=\"noreferrer noopener\">RTBF<\/a><\/li>\n<\/ul>\n\n\n\n<h4 class=\"wp-block-heading\">Actions sociales<\/h4>\n\n\n\n<ul class=\"wp-block-list\">\n<li><a href=\"https:\/\/www.telesambre.be\/info\/greve-nationale-pas-touche-ladn-de-la-funoc\/71964\" target=\"_blank\" rel=\"noreferrer noopener\">T\u00e9l\u00e9sambre<\/a><\/li>\n\n\n\n<li><a href=\"https:\/\/www.lavenir.net\/regions\/charleroi\/2025\/03\/24\/charleroi-premier-cente-dinsertion-de-wallonie-la-funoc-craint-pour-son-avenir-JRY75NNVHZBBFI23CK2XFK444E\/\" target=\"_blank\" rel=\"noreferrer noopener\">L&rsquo;Avenir<\/a><\/li>\n\n\n\n<li><a href=\"https:\/\/www.dhnet.be\/regions\/charleroi\/2025\/03\/25\/le-premier-centre-dinsertion-de-wallonie-la-funoc-a-charleroi-craint-pour-son-avenir-JH6KTG6IZVGCDNR3I5V274D5DY\/\" target=\"_blank\" rel=\"noreferrer noopener\">La DH<\/a><\/li>\n<\/ul>\n\n\n\n<h4 class=\"wp-block-heading\">Vestiaire Solidaire<\/h4>\n\n\n\n<ul class=\"wp-block-list\">\n<li><a href=\"https:\/\/www.telesambre.be\/info\/la-funoc-lance-son-tour-le-projet-vestiaire-solidaire\/71008\" target=\"_blank\" rel=\"noreferrer noopener\">T\u00e9l\u00e9sambre<\/a><\/li>\n\n\n\n<li><a href=\"https:\/\/www.sudinfo.be\/id963253\/article\/2025-03-06\/charleroi-lancement-du-vestiaire-solidaire-pour-aider-les-personnes-precarisees\" target=\"_blank\" rel=\"noreferrer noopener\">La Nouvelle Gazette<\/a><\/li>\n<\/ul>\n\n\n\n<h4 class=\"wp-block-heading\">Les Dj\u00f4nes de la Digue<\/h4>\n\n\n\n<ul class=\"wp-block-list\">\n<li><a href=\"https:\/\/www.dhnet.be\/regions\/charleroi\/2025\/03\/08\/djones-de-la-digue-la-creche-de-la-funoc-fait-peau-neuve-a-charleroi-PM6YJJ54MRBEDFNKH27CX4P2JQ\/\" target=\"_blank\" rel=\"noreferrer noopener\">La DH<\/a><\/li>\n\n\n\n<li><a href=\"https:\/\/www.lavenir.net\/regions\/charleroi\/charleroi\/2010\/05\/29\/funoc-creche-et-garderie-preservees-KPATZRTSVNCYZN77NV3BYSG7TY\/\" target=\"_blank\" rel=\"noreferrer noopener\">L&rsquo;Avenir<\/a><\/li>\n\n\n\n<li><a href=\"https:\/\/www.telesambre.be\/info\/charleroi-la-creche-les-djones-de-la-digue-se-metamorphose\/71690\">T\u00e9l\u00e9sambre<\/a><\/li>\n<\/ul>\n\n\n\n<h2 class=\"wp-block-heading\">2024<\/h2>\n\n\n\n<h4 class=\"wp-block-heading\">Portes ouvertes<\/h4>\n\n\n\n<ul class=\"wp-block-list\">\n<li><a href=\"https:\/\/www.sudinfo.be\/id899992\/article\/2024-10-16\/metiers-et-emploi-charleroi-la-funoc-organise-sa-journee-portes-ouvertes-ce\" target=\"_blank\" rel=\"noreferrer noopener\">La Nouvelle Gazette<\/a><\/li>\n\n\n\n<li><a href=\"https:\/\/www.lavenir.net\/regions\/basse-sambre\/2024\/10\/15\/charleroi-decouvrir-la-funoc-en-mode-immersif-HRYK6D2UZJEBVFN6FZNGU4JC2M\/\" target=\"_blank\" rel=\"noreferrer noopener\">L&rsquo;Avenir<\/a><\/li>\n<\/ul>\n\n\n\n<h4 class=\"wp-block-heading\">Jump to pharma<\/h4>\n\n\n\n<ul class=\"wp-block-list\">\n<li><a href=\"https:\/\/www.rtbf.be\/article\/pas-besoin-de-diplome-pour-decrocher-un-job-dans-le-biopharma-11384945\" target=\"_blank\" rel=\"noreferrer noopener\">RTBF<\/a><\/li>\n<\/ul>\n\n\n\n<h4 class=\"wp-block-heading\">DuCin\u00e9Da<\/h4>\n\n\n\n<ul class=\"wp-block-list\">\n<li><a href=\"https:\/\/www.sudinfo.be\/id723581\/article\/2023-10-04\/mochelan-lance-ducineda-un-projet-pour-former-les-carolos-aux-metiers-du-cinema\" target=\"_blank\" rel=\"noreferrer noopener\">La Nouvelle Gazette<\/a><\/li>\n\n\n\n<li><a href=\"https:\/\/www.dhnet.be\/regions\/charleroi\/2024\/02\/02\/ducineda-une-formation-dun-an-a-charleroi-pour-tater-aux-metiers-du-cinema-avec-simon-mochelan-delecosse-prochaines-inscriptions-en-juin-RYFWWTFHB5B37CWBE6KQ6CE7RM\/\" target=\"_blank\" rel=\"noreferrer noopener\">La DH<\/a><\/li>\n<\/ul>\n\n\n\n<h2 class=\"wp-block-heading\">2023<\/h2>\n\n\n\n<h4 class=\"wp-block-heading\">Petit d\u00e9jeuner de l&rsquo;Alpha<\/h4>\n\n\n\n<ul class=\"wp-block-list has-small-font-size\">\n<li><a href=\"https:\/\/www.telesambre.be\/un-dejeuner-de-l-alpha-la-funoc-pour-sensibiliser-l-analphabetisme?fbclid=IwAR22p4_IRLvtvqT7oTiYU0UsG576_-goX_JgOS3jYgTzvL83r53jwl9_MwA\">T\u00e9l\u00e9sambre<\/a><\/li>\n\n\n\n<li><a href=\"https:\/\/soundcloud.com\/tv1917\/funoc-la-premiere-2709\/s-ShmqljjpaBv?si=6af5732a211d41e5b6e615eed32e7f89&amp;utm_source=clipboard&amp;utm_medium=text&amp;utm_campaign=social_sharing&amp;fbclid=IwAR0lG1JqVkgELTrAGuEtWVRQIijO5KhMdDTGjR2SnjX_SKRN4QSjYNCrzes&amp;fbclid=IwAR34AUq35PlfsFniyRvjtNYpY5VPJwwnR6p_2S8i3wzzLrHxyuYtMwFTJrs\">La Premi\u00e8re<\/a><\/li>\n\n\n\n<li><a href=\"https:\/\/www.dhnet.be\/regions\/charleroi\/2023\/09\/26\/le-long-combat-contre-lillettrisme-a-charleroi-une-semaine-pour-sensibiliser-YVE3XVYH7ZFURIHM7SZ63DZ6JQ\/?fbclid=IwAR2ln1bGUaS_ooFhw_Q_AX8L21Y5MHjP6Ojn9SZnv9L1jCOb3NmeMrWkkHE\" target=\"_blank\" rel=\"noreferrer noopener\">La DH<\/a><\/li>\n\n\n\n<li><a href=\"https:\/\/www.lavenir.net\/regions\/basse-sambre\/2023\/09\/25\/charleroi-une-semaine-pour-sensibiliser-au-long-combat-contre-lillettrisme-3MGF76JINRC5DHNDZS55DJIVUU\/?fbclid=IwAR0mbEIaR84SIl47SSpT_oGKV9uciM644O49o1JT3UNmok_YKhsOnZLgnL0\">L&rsquo;Avenir<\/a><\/li>\n<\/ul>\n","protected":false},"excerpt":{"rendered":"<p>La Funoc essaie de faire parler d&rsquo;elle. Voici quelques-unes des recensions de nos activit\u00e9s dans la presse locale. 2025 R\u00e9formes du ch\u00f4mage Actions sociales Vestiaire Solidaire Les Dj\u00f4nes de la Digue 2024 Portes ouvertes Jump to pharma DuCin\u00e9Da 2023 Petit d\u00e9jeuner de l&rsquo;Alpha<\/p>\n","protected":false},"author":2,"featured_media":231,"parent":0,"menu_order":0,"comment_status":"closed","ping_status":"closed","template":"","meta":{"footnotes":""},"class_list":["post-228","page","type-page","status-publish","has-post-thumbnail","hentry"],"yoast_head":"<!-- This site is optimized with the Yoast SEO plugin v21.4 - https:\/\/yoast.com\/wordpress\/plugins\/seo\/ -->\n<title>La FUNOC dans la presse - Funoc<\/title>\n<meta name=\"robots\" content=\"index, follow, max-snippet:-1, max-image-preview:large, max-video-preview:-1\" \/>\n<link rel=\"canonical\" href=\"https:\/\/funoc.be\/?page_id=228\" \/>\n<meta property=\"og:locale\" content=\"fr_FR\" \/>\n<meta property=\"og:type\" content=\"article\" \/>\n<meta property=\"og:title\" content=\"La FUNOC dans la presse - Funoc\" \/>\n<meta property=\"og:description\" content=\"La Funoc essaie de faire parler d&rsquo;elle. Voici quelques-unes des recensions de nos activit\u00e9s dans la presse locale. 2025 R\u00e9formes du ch\u00f4mage Actions sociales Vestiaire Solidaire Les Dj\u00f4nes de la Digue 2024 Portes ouvertes Jump to pharma DuCin\u00e9Da 2023 Petit d\u00e9jeuner de l&rsquo;Alpha\" \/>\n<meta property=\"og:url\" content=\"https:\/\/funoc.be\/?page_id=228\" \/>\n<meta property=\"og:site_name\" content=\"Funoc\" \/>\n<meta property=\"article:publisher\" content=\"https:\/\/www.facebook.com\/la.funoc\" \/>\n<meta property=\"article:modified_time\" content=\"2025-11-24T09:09:19+00:00\" \/>\n<meta property=\"og:image\" content=\"https:\/\/funoc.be\/wp-content\/uploads\/2023\/10\/funoc_facebook_cover_template-seanceinfos2.jpg\" \/>\n\t<meta property=\"og:image:width\" content=\"1200\" \/>\n\t<meta property=\"og:image:height\" content=\"675\" \/>\n\t<meta property=\"og:image:type\" content=\"image\/jpeg\" \/>\n<meta name=\"twitter:card\" content=\"summary_large_image\" \/>\n<meta name=\"twitter:label1\" content=\"Dur\u00e9e de lecture estim\u00e9e\" \/>\n\t<meta name=\"twitter:data1\" content=\"1 minute\" \/>\n<script type=\"application\/ld+json\" class=\"yoast-schema-graph\">{\"@context\":\"https:\/\/schema.org\",\"@graph\":[{\"@type\":\"WebPage\",\"@id\":\"https:\/\/funoc.be\/?page_id=228\",\"url\":\"https:\/\/funoc.be\/?page_id=228\",\"name\":\"La FUNOC dans la presse - Funoc\",\"isPartOf\":{\"@id\":\"https:\/\/funoc.be\/#website\"},\"datePublished\":\"2023-10-23T14:08:11+00:00\",\"dateModified\":\"2025-11-24T09:09:19+00:00\",\"breadcrumb\":{\"@id\":\"https:\/\/funoc.be\/?page_id=228#breadcrumb\"},\"inLanguage\":\"fr-FR\",\"potentialAction\":[{\"@type\":\"ReadAction\",\"target\":[\"https:\/\/funoc.be\/?page_id=228\"]}]},{\"@type\":\"BreadcrumbList\",\"@id\":\"https:\/\/funoc.be\/?page_id=228#breadcrumb\",\"itemListElement\":[{\"@type\":\"ListItem\",\"position\":1,\"name\":\"Accueil\",\"item\":\"https:\/\/funoc.be\/\"},{\"@type\":\"ListItem\",\"position\":2,\"name\":\"La FUNOC dans la presse\"}]},{\"@type\":\"WebSite\",\"@id\":\"https:\/\/funoc.be\/#website\",\"url\":\"https:\/\/funoc.be\/\",\"name\":\"FUNOC : la formation \u00e0 Charleroi\",\"description\":\"La formation, c&#039;est FUN&#039; OK ?\",\"publisher\":{\"@id\":\"https:\/\/funoc.be\/#organization\"},\"potentialAction\":[{\"@type\":\"SearchAction\",\"target\":{\"@type\":\"EntryPoint\",\"urlTemplate\":\"https:\/\/funoc.be\/?s={search_term_string}\"},\"query-input\":\"required name=search_term_string\"}],\"inLanguage\":\"fr-FR\"},{\"@type\":\"Organization\",\"@id\":\"https:\/\/funoc.be\/#organization\",\"name\":\"FUNOC : la formation \u00e0 Charleroi\",\"url\":\"https:\/\/funoc.be\/\",\"logo\":{\"@type\":\"ImageObject\",\"inLanguage\":\"fr-FR\",\"@id\":\"https:\/\/funoc.be\/#\/schema\/logo\/image\/\",\"url\":\"https:\/\/funoc.be\/wp-content\/uploads\/2023\/10\/funoc_logo_positif_sansfond_900X900_72pdi.png\",\"contentUrl\":\"https:\/\/funoc.be\/wp-content\/uploads\/2023\/10\/funoc_logo_positif_sansfond_900X900_72pdi.png\",\"width\":900,\"height\":900,\"caption\":\"FUNOC : la formation \u00e0 Charleroi\"},\"image\":{\"@id\":\"https:\/\/funoc.be\/#\/schema\/logo\/image\/\"},\"sameAs\":[\"https:\/\/www.facebook.com\/la.funoc\"]}]}<\/script>\n<!-- \/ Yoast SEO plugin. -->","yoast_head_json":{"title":"La FUNOC dans la presse - Funoc","robots":{"index":"index","follow":"follow","max-snippet":"max-snippet:-1","max-image-preview":"max-image-preview:large","max-video-preview":"max-video-preview:-1"},"canonical":"https:\/\/funoc.be\/?page_id=228","og_locale":"fr_FR","og_type":"article","og_title":"La FUNOC dans la presse - Funoc","og_description":"La Funoc essaie de faire parler d&rsquo;elle. Voici quelques-unes des recensions de nos activit\u00e9s dans la presse locale. 2025 R\u00e9formes du ch\u00f4mage Actions sociales Vestiaire Solidaire Les Dj\u00f4nes de la Digue 2024 Portes ouvertes Jump to pharma DuCin\u00e9Da 2023 Petit d\u00e9jeuner de l&rsquo;Alpha","og_url":"https:\/\/funoc.be\/?page_id=228","og_site_name":"Funoc","article_publisher":"https:\/\/www.facebook.com\/la.funoc","article_modified_time":"2025-11-24T09:09:19+00:00","og_image":[{"width":1200,"height":675,"url":"https:\/\/funoc.be\/wp-content\/uploads\/2023\/10\/funoc_facebook_cover_template-seanceinfos2.jpg","type":"image\/jpeg"}],"twitter_card":"summary_large_image","twitter_misc":{"Dur\u00e9e de lecture estim\u00e9e":"1 minute"},"schema":{"@context":"https:\/\/schema.org","@graph":[{"@type":"WebPage","@id":"https:\/\/funoc.be\/?page_id=228","url":"https:\/\/funoc.be\/?page_id=228","name":"La FUNOC dans la presse - Funoc","isPartOf":{"@id":"https:\/\/funoc.be\/#website"},"datePublished":"2023-10-23T14:08:11+00:00","dateModified":"2025-11-24T09:09:19+00:00","breadcrumb":{"@id":"https:\/\/funoc.be\/?page_id=228#breadcrumb"},"inLanguage":"fr-FR","potentialAction":[{"@type":"ReadAction","target":["https:\/\/funoc.be\/?page_id=228"]}]},{"@type":"BreadcrumbList","@id":"https:\/\/funoc.be\/?page_id=228#breadcrumb","itemListElement":[{"@type":"ListItem","position":1,"name":"Accueil","item":"https:\/\/funoc.be\/"},{"@type":"ListItem","position":2,"name":"La FUNOC dans la presse"}]},{"@type":"WebSite","@id":"https:\/\/funoc.be\/#website","url":"https:\/\/funoc.be\/","name":"FUNOC : la formation \u00e0 Charleroi","description":"La formation, c&#039;est FUN&#039; OK ?","publisher":{"@id":"https:\/\/funoc.be\/#organization"},"potentialAction":[{"@type":"SearchAction","target":{"@type":"EntryPoint","urlTemplate":"https:\/\/funoc.be\/?s={search_term_string}"},"query-input":"required name=search_term_string"}],"inLanguage":"fr-FR"},{"@type":"Organization","@id":"https:\/\/funoc.be\/#organization","name":"FUNOC : la formation \u00e0 Charleroi","url":"https:\/\/funoc.be\/","logo":{"@type":"ImageObject","inLanguage":"fr-FR","@id":"https:\/\/funoc.be\/#\/schema\/logo\/image\/","url":"https:\/\/funoc.be\/wp-content\/uploads\/2023\/10\/funoc_logo_positif_sansfond_900X900_72pdi.png","contentUrl":"https:\/\/funoc.be\/wp-content\/uploads\/2023\/10\/funoc_logo_positif_sansfond_900X900_72pdi.png","width":900,"height":900,"caption":"FUNOC : la formation \u00e0 Charleroi"},"image":{"@id":"https:\/\/funoc.be\/#\/schema\/logo\/image\/"},"sameAs":["https:\/\/www.facebook.com\/la.funoc"]}]}},"_links":{"self":[{"href":"https:\/\/funoc.be\/index.php?rest_route=\/wp\/v2\/pages\/228","targetHints":{"allow":["GET"]}}],"collection":[{"href":"https:\/\/funoc.be\/index.php?rest_route=\/wp\/v2\/pages"}],"about":[{"href":"https:\/\/funoc.be\/index.php?rest_route=\/wp\/v2\/types\/page"}],"author":[{"embeddable":true,"href":"https:\/\/funoc.be\/index.php?rest_route=\/wp\/v2\/users\/2"}],"replies":[{"embeddable":true,"href":"https:\/\/funoc.be\/index.php?rest_route=%2Fwp%2Fv2%2Fcomments&post=228"}],"version-history":[{"count":6,"href":"https:\/\/funoc.be\/index.php?rest_route=\/wp\/v2\/pages\/228\/revisions"}],"predecessor-version":[{"id":628,"href":"https:\/\/funoc.be\/index.php?rest_route=\/wp\/v2\/pages\/228\/revisions\/628"}],"wp:featuredmedia":[{"embeddable":true,"href":"https:\/\/funoc.be\/index.php?rest_route=\/wp\/v2\/media\/231"}],"wp:attachment":[{"href":"https:\/\/funoc.be\/index.php?rest_route=%2Fwp%2Fv2%2Fmedia&parent=228"}],"curies":[{"name":"wp","href":"https:\/\/api.w.org\/{rel}","templated":true}]}}