{"id":313,"date":"2023-11-16T10:08:21","date_gmt":"2023-11-16T09:08:21","guid":{"rendered":"https:\/\/funoc-dev.funoc.be\/?page_id=313"},"modified":"2025-12-09T11:14:41","modified_gmt":"2025-12-09T10:14:41","slug":"offres-demploi-a-la-funoc","status":"publish","type":"page","link":"https:\/\/funoc.be\/?page_id=313","title":{"rendered":"Offres d&#8217;emploi \u00e0 la FUNOC"},"content":{"rendered":"\n<p>Retrouvez ci-dessous l&rsquo;ensemble des postes disponibles \u00e0 la FUNOC ainsi que nos diff\u00e9rentes r\u00e9serves de recrutement. Travailler \u00e0 la FUNOC, c&rsquo;est rejoindre une \u00e9quipe dynamique, tourn\u00e9e vers l&rsquo;autre et investie d&rsquo;une mission sociale qui d\u00e9passe largement les cadres de la simple formation. Vous avez la fibre sociale ? L&rsquo;envie de changer le monde ? Postulez ou partagez nos offres \u00e0 votre r\u00e9seau !<\/p>\n\n\n\n<p><mark style=\"background-color:#ff6900\" class=\"has-inline-color\">Formateur(trice) en fran\u00e7ais et math<\/mark> (r\u00e9serve de recrutement) | CDD &#8211; Temps plein | <a href=\"https:\/\/funoc.be\/wp-content\/uploads\/2025\/12\/funoc_recrutement_Francais_math.pdf\" target=\"_blank\" rel=\"noreferrer noopener\">Voir l&rsquo;offre &gt;<\/a> <\/p>\n\n\n\n<p><mark style=\"background-color:#ff6900\" class=\"has-inline-color\">Formateur(trice) en fran\u00e7ais<\/mark> | CDD &#8211; Mi-temps | <a href=\"https:\/\/funoc.be\/wp-content\/uploads\/2025\/12\/funoc_Formateur_francais_mi-temps.pdf\" target=\"_blank\" rel=\"noreferrer noopener\">Voir l&rsquo;offre ><\/a><\/p>\n\n\n\n<p>Vous ne trouvez pas votre bonheur ? Inscrivez-vous \u00e0 notre newsletter ou suivez-nous sur <a href=\"https:\/\/www.facebook.com\/la.funoc\/\" target=\"_blank\" rel=\"noreferrer noopener\">facebook<\/a>, nous y partageons r\u00e9guli\u00e8rement nos offres.<\/p>\n\n\n\n<p><\/p>\n","protected":false},"excerpt":{"rendered":"<p>Retrouvez ci-dessous l&rsquo;ensemble des postes disponibles \u00e0 la FUNOC ainsi que nos diff\u00e9rentes r\u00e9serves de recrutement. Travailler \u00e0 la FUNOC, c&rsquo;est rejoindre une \u00e9quipe dynamique, tourn\u00e9e vers l&rsquo;autre et investie d&rsquo;une mission sociale qui d\u00e9passe largement les cadres de la simple formation. Vous avez la fibre sociale ? L&rsquo;envie de changer le monde ? Postulez [&hellip;]<\/p>\n","protected":false},"author":2,"featured_media":0,"parent":0,"menu_order":0,"comment_status":"closed","ping_status":"closed","template":"","meta":{"footnotes":""},"class_list":["post-313","page","type-page","status-publish","hentry"],"yoast_head":"<!-- This site is optimized with the Yoast SEO plugin v21.4 - https:\/\/yoast.com\/wordpress\/plugins\/seo\/ -->\n<title>Les offres d&#039;emploi \u00e0 la FUNOC<\/title>\n<meta name=\"description\" content=\"La FUNOC est \u00e0 la recherche de profils pour \u00e9largir son \u00e9quipe. Parcourez nos offres, partagez-les et postulez !\" \/>\n<meta name=\"robots\" content=\"index, follow, max-snippet:-1, max-image-preview:large, max-video-preview:-1\" \/>\n<link rel=\"canonical\" href=\"https:\/\/funoc.be\/?page_id=313\" \/>\n<meta property=\"og:locale\" content=\"fr_FR\" \/>\n<meta property=\"og:type\" content=\"article\" \/>\n<meta property=\"og:title\" content=\"Les offres d&#039;emploi \u00e0 la FUNOC\" \/>\n<meta property=\"og:description\" content=\"La FUNOC est \u00e0 la recherche de profils pour \u00e9largir son \u00e9quipe. Parcourez nos offres, partagez-les et postulez !\" \/>\n<meta property=\"og:url\" content=\"https:\/\/funoc.be\/?page_id=313\" \/>\n<meta property=\"og:site_name\" content=\"Funoc\" \/>\n<meta property=\"article:publisher\" content=\"https:\/\/www.facebook.com\/la.funoc\" \/>\n<meta property=\"article:modified_time\" content=\"2025-12-09T10:14:41+00:00\" \/>\n<meta property=\"og:image\" content=\"https:\/\/funoc.be\/wp-content\/uploads\/2024\/01\/funoc_facebook_recruter.jpg\" \/>\n\t<meta property=\"og:image:width\" content=\"1200\" \/>\n\t<meta property=\"og:image:height\" content=\"675\" \/>\n\t<meta property=\"og:image:type\" content=\"image\/jpeg\" \/>\n<meta name=\"twitter:card\" content=\"summary_large_image\" \/>\n<meta name=\"twitter:label1\" content=\"Dur\u00e9e de lecture estim\u00e9e\" \/>\n\t<meta name=\"twitter:data1\" content=\"1 minute\" \/>\n<script type=\"application\/ld+json\" class=\"yoast-schema-graph\">{\"@context\":\"https:\/\/schema.org\",\"@graph\":[{\"@type\":\"WebPage\",\"@id\":\"https:\/\/funoc.be\/?page_id=313\",\"url\":\"https:\/\/funoc.be\/?page_id=313\",\"name\":\"Les offres d'emploi \u00e0 la FUNOC\",\"isPartOf\":{\"@id\":\"https:\/\/funoc.be\/#website\"},\"datePublished\":\"2023-11-16T09:08:21+00:00\",\"dateModified\":\"2025-12-09T10:14:41+00:00\",\"description\":\"La FUNOC est \u00e0 la recherche de profils pour \u00e9largir son \u00e9quipe. Parcourez nos offres, partagez-les et postulez !\",\"breadcrumb\":{\"@id\":\"https:\/\/funoc.be\/?page_id=313#breadcrumb\"},\"inLanguage\":\"fr-FR\",\"potentialAction\":[{\"@type\":\"ReadAction\",\"target\":[\"https:\/\/funoc.be\/?page_id=313\"]}]},{\"@type\":\"BreadcrumbList\",\"@id\":\"https:\/\/funoc.be\/?page_id=313#breadcrumb\",\"itemListElement\":[{\"@type\":\"ListItem\",\"position\":1,\"name\":\"Accueil\",\"item\":\"https:\/\/funoc.be\/\"},{\"@type\":\"ListItem\",\"position\":2,\"name\":\"Offres d&#8217;emploi \u00e0 la FUNOC\"}]},{\"@type\":\"WebSite\",\"@id\":\"https:\/\/funoc.be\/#website\",\"url\":\"https:\/\/funoc.be\/\",\"name\":\"FUNOC : la formation \u00e0 Charleroi\",\"description\":\"La formation, c&#039;est FUN&#039; OK ?\",\"publisher\":{\"@id\":\"https:\/\/funoc.be\/#organization\"},\"potentialAction\":[{\"@type\":\"SearchAction\",\"target\":{\"@type\":\"EntryPoint\",\"urlTemplate\":\"https:\/\/funoc.be\/?s={search_term_string}\"},\"query-input\":\"required name=search_term_string\"}],\"inLanguage\":\"fr-FR\"},{\"@type\":\"Organization\",\"@id\":\"https:\/\/funoc.be\/#organization\",\"name\":\"FUNOC : la formation \u00e0 Charleroi\",\"url\":\"https:\/\/funoc.be\/\",\"logo\":{\"@type\":\"ImageObject\",\"inLanguage\":\"fr-FR\",\"@id\":\"https:\/\/funoc.be\/#\/schema\/logo\/image\/\",\"url\":\"https:\/\/funoc.be\/wp-content\/uploads\/2023\/10\/funoc_logo_positif_sansfond_900X900_72pdi.png\",\"contentUrl\":\"https:\/\/funoc.be\/wp-content\/uploads\/2023\/10\/funoc_logo_positif_sansfond_900X900_72pdi.png\",\"width\":900,\"height\":900,\"caption\":\"FUNOC : la formation \u00e0 Charleroi\"},\"image\":{\"@id\":\"https:\/\/funoc.be\/#\/schema\/logo\/image\/\"},\"sameAs\":[\"https:\/\/www.facebook.com\/la.funoc\"]}]}<\/script>\n<!-- \/ Yoast SEO plugin. -->","yoast_head_json":{"title":"Les offres d'emploi \u00e0 la FUNOC","description":"La FUNOC est \u00e0 la recherche de profils pour \u00e9largir son \u00e9quipe. Parcourez nos offres, partagez-les et postulez !","robots":{"index":"index","follow":"follow","max-snippet":"max-snippet:-1","max-image-preview":"max-image-preview:large","max-video-preview":"max-video-preview:-1"},"canonical":"https:\/\/funoc.be\/?page_id=313","og_locale":"fr_FR","og_type":"article","og_title":"Les offres d'emploi \u00e0 la FUNOC","og_description":"La FUNOC est \u00e0 la recherche de profils pour \u00e9largir son \u00e9quipe. Parcourez nos offres, partagez-les et postulez !","og_url":"https:\/\/funoc.be\/?page_id=313","og_site_name":"Funoc","article_publisher":"https:\/\/www.facebook.com\/la.funoc","article_modified_time":"2025-12-09T10:14:41+00:00","og_image":[{"width":1200,"height":675,"url":"https:\/\/funoc.be\/wp-content\/uploads\/2024\/01\/funoc_facebook_recruter.jpg","type":"image\/jpeg"}],"twitter_card":"summary_large_image","twitter_misc":{"Dur\u00e9e de lecture estim\u00e9e":"1 minute"},"schema":{"@context":"https:\/\/schema.org","@graph":[{"@type":"WebPage","@id":"https:\/\/funoc.be\/?page_id=313","url":"https:\/\/funoc.be\/?page_id=313","name":"Les offres d'emploi \u00e0 la FUNOC","isPartOf":{"@id":"https:\/\/funoc.be\/#website"},"datePublished":"2023-11-16T09:08:21+00:00","dateModified":"2025-12-09T10:14:41+00:00","description":"La FUNOC est \u00e0 la recherche de profils pour \u00e9largir son \u00e9quipe. Parcourez nos offres, partagez-les et postulez !","breadcrumb":{"@id":"https:\/\/funoc.be\/?page_id=313#breadcrumb"},"inLanguage":"fr-FR","potentialAction":[{"@type":"ReadAction","target":["https:\/\/funoc.be\/?page_id=313"]}]},{"@type":"BreadcrumbList","@id":"https:\/\/funoc.be\/?page_id=313#breadcrumb","itemListElement":[{"@type":"ListItem","position":1,"name":"Accueil","item":"https:\/\/funoc.be\/"},{"@type":"ListItem","position":2,"name":"Offres d&#8217;emploi \u00e0 la FUNOC"}]},{"@type":"WebSite","@id":"https:\/\/funoc.be\/#website","url":"https:\/\/funoc.be\/","name":"FUNOC : la formation \u00e0 Charleroi","description":"La formation, c&#039;est FUN&#039; OK ?","publisher":{"@id":"https:\/\/funoc.be\/#organization"},"potentialAction":[{"@type":"SearchAction","target":{"@type":"EntryPoint","urlTemplate":"https:\/\/funoc.be\/?s={search_term_string}"},"query-input":"required name=search_term_string"}],"inLanguage":"fr-FR"},{"@type":"Organization","@id":"https:\/\/funoc.be\/#organization","name":"FUNOC : la formation \u00e0 Charleroi","url":"https:\/\/funoc.be\/","logo":{"@type":"ImageObject","inLanguage":"fr-FR","@id":"https:\/\/funoc.be\/#\/schema\/logo\/image\/","url":"https:\/\/funoc.be\/wp-content\/uploads\/2023\/10\/funoc_logo_positif_sansfond_900X900_72pdi.png","contentUrl":"https:\/\/funoc.be\/wp-content\/uploads\/2023\/10\/funoc_logo_positif_sansfond_900X900_72pdi.png","width":900,"height":900,"caption":"FUNOC : la formation \u00e0 Charleroi"},"image":{"@id":"https:\/\/funoc.be\/#\/schema\/logo\/image\/"},"sameAs":["https:\/\/www.facebook.com\/la.funoc"]}]}},"_links":{"self":[{"href":"https:\/\/funoc.be\/index.php?rest_route=\/wp\/v2\/pages\/313","targetHints":{"allow":["GET"]}}],"collection":[{"href":"https:\/\/funoc.be\/index.php?rest_route=\/wp\/v2\/pages"}],"about":[{"href":"https:\/\/funoc.be\/index.php?rest_route=\/wp\/v2\/types\/page"}],"author":[{"embeddable":true,"href":"https:\/\/funoc.be\/index.php?rest_route=\/wp\/v2\/users\/2"}],"replies":[{"embeddable":true,"href":"https:\/\/funoc.be\/index.php?rest_route=%2Fwp%2Fv2%2Fcomments&post=313"}],"version-history":[{"count":22,"href":"https:\/\/funoc.be\/index.php?rest_route=\/wp\/v2\/pages\/313\/revisions"}],"predecessor-version":[{"id":646,"href":"https:\/\/funoc.be\/index.php?rest_route=\/wp\/v2\/pages\/313\/revisions\/646"}],"wp:attachment":[{"href":"https:\/\/funoc.be\/index.php?rest_route=%2Fwp%2Fv2%2Fmedia&parent=313"}],"curies":[{"name":"wp","href":"https:\/\/api.w.org\/{rel}","templated":true}]}}