{"id":33,"date":"2023-10-19T22:24:07","date_gmt":"2023-10-19T20:24:07","guid":{"rendered":"https:\/\/funoc-dev.funoc.be\/?page_id=33"},"modified":"2025-03-10T10:34:52","modified_gmt":"2025-03-10T09:34:52","slug":"seance-information-orientation","status":"publish","type":"page","link":"https:\/\/funoc.be\/?page_id=33","title":{"rendered":"S\u00c9ANCE D&rsquo;INFORMATION &#038; ORIENTATION"},"content":{"rendered":"\n<p>Envie de suivre une formation ? Mais tu te poses 1000 questions ou tu ne sais pas vers quelle fili\u00e8re t&rsquo;orienter ? Pas de soucis ! Viens assister \u00e0 une s\u00e9ance d&rsquo;information \u00e0 la FUNOC. On t&rsquo;explique tout ci-dessous \ud83d\ude42<\/p>\n\n\n\n<h2 class=\"wp-block-heading\">S\u00e9ance d&rsquo;information<\/h2>\n\n\n\n<figure class=\"wp-block-image size-full\"><img loading=\"lazy\" decoding=\"async\" width=\"1200\" height=\"808\" src=\"https:\/\/funoc.be\/wp-content\/uploads\/2025\/03\/funoc_seance_info_hafida.png\" alt=\"S\u00e9ance d'info \u00e0 la FUNOC avec Hafida\" class=\"wp-image-529\"\/><\/figure>\n\n\n\n<p>Pourquoi assister \u00e0 une s\u00e9ance d&rsquo;info ? C&rsquo;est simple. C&rsquo;est l\u00e0 que tu en apprendras le plus sur la Funoc, son fonctionnement, ses \u00e9quipes et ses formations. C&rsquo;est Hafida qui s&rsquo;occupera de toi. Hafida n&rsquo;est pas prof. Hafida ne juge pas et elle est plut\u00f4t sympathique. <\/p>\n\n\n\n<p>Une s\u00e9ance d&rsquo;information dure 1h maximum. Il y a d&rsquo;abord une prise de contact, suivie d&rsquo;une pr\u00e9sentation g\u00e9n\u00e9rale puis d&rsquo;une partie questions\/r\u00e9ponses. \u00c0 la fin, tu peux simplement repartir chez toi pour r\u00e9fl\u00e9chir ou prendre directement un rendez-vous pour la suite.<\/p>\n\n\n\n<p>En fait, la s\u00e9ance d&rsquo;information est la porte d&rsquo;entr\u00e9e pour nos formations. C&rsquo;est  une \u00e9tape obligatoire mais qui n&rsquo;engage \u00e0 rien. Alors, autant faire connaissance d\u00e8s le d\u00e9but.<\/p>\n\n\n\n<h3 class=\"wp-block-heading\">Points forts de la s\u00e9ance d&rsquo;info :<\/h3>\n\n\n\n<ul class=\"wp-block-list\">\n<li>Rapide<\/li>\n\n\n\n<li>Complet<\/li>\n\n\n\n<li>Sans rendez-vous<\/li>\n\n\n\n<li>N&rsquo;engage \u00e0 rien<\/li>\n\n\n\n<li>Caf\u00e9 gratis<\/li>\n<\/ul>\n\n\n\n<p class=\"has-custom-bleu-funoc-color has-text-color has-large-font-size\" style=\"font-style:normal;font-weight:900;text-transform:uppercase\">Tu peux venir y assister sans rendez-vous tous les lundis, mercredis et vendredis \u00e0 9h30 pr\u00e9cises au 17 avenue des Alli\u00e9s \u00e0 6000 Charleroi.<\/p>\n\n\n\n<p>CONVAINCU(E) ? POUSSE LA PORTE !<\/p>\n\n\n\n<div class=\"wp-block-buttons is-layout-flex wp-block-buttons-is-layout-flex\">\n<div class=\"wp-block-button has-custom-width wp-block-button__width-50 has-custom-font-size has-large-font-size\"><a class=\"wp-block-button__link wp-element-button\" href=\"https:\/\/www.google.com\/maps\/dir\/\/FUNOC+-+Si%C3%A8ge+social+-+S%C3%A9ance+d'information+et+d'inscription,+Av.+des+Alli%C3%A9s+17%2F19,+6000+Charleroi\/data=!4m6!4m5!1m1!4e2!1m2!1m1!1s0x47c2260a7f9c74cd:0xb024759c38636d23?sa=X&amp;ved=2ahUKEwjL9ci6jYSCAxUqVaQEHS5ABesQ48ADegQIERAA&amp;ved=2ahUKEwjL9ci6jYSCAxUqVaQEHS5ABesQ48ADegQIGBAM\" target=\"_blank\" rel=\"noreferrer noopener\">C&rsquo;EST PAR ICI<\/a><\/div>\n<\/div>\n\n\n\n<hr class=\"wp-block-separator has-text-color has-custom-bleu-funoc-color has-alpha-channel-opacity has-custom-bleu-funoc-background-color has-background is-style-wide\" style=\"margin-top:var(--wp--preset--spacing--60);margin-bottom:var(--wp--preset--spacing--60)\"\/>\n\n\n\n<h2 class=\"wp-block-heading\">L&rsquo;orientation<\/h2>\n\n\n\n<p>Si tu veux entrer en formation mais que tu n&rsquo;as aucune id\u00e9e de ce que tu aimerais faire, ce n&rsquo;est pas un probl\u00e8me. Car la Funoc propose aussi une solution d&rsquo;orientation. <\/p>\n\n\n\n<p>Pendant ce rendez-vous, nous discuterons de tes envies, de ton parcours, de tes comp\u00e9tences et r\u00e9fl\u00e9chirons ensemble \u00e0 la formation qui te conviendrait le mieux. Ici non plus, il n&rsquo;y a aucune obligation. La Funoc tend la main, elle n&rsquo;impose rien. Ainsi, tu es toujours libre.<\/p>\n\n\n\n<p>Notre offre de formation est large et vari\u00e9e, tu peux en avoir un aper\u00e7u par <a href=\"https:\/\/funoc.be\/?page_id=22\">ici<\/a>. Il y en a forc\u00e9ment une qui est faite pour TOI ! Beaucoup d&rsquo;autres sont pass\u00e9s chez nous avant toi et ils sont nombreux \u00e0 avoir trouv\u00e9 un emploi ou une formation compl\u00e9mentaire. <\/p>\n\n\n\n<p class=\"has-custom-bleu-funoc-color has-text-color has-large-font-size\" style=\"font-style:normal;font-weight:900;text-transform:uppercase\">N&rsquo;attends plus ! Viens d&rsquo;abord assister \u00e0 une s\u00e9ance d&rsquo;info ou pose tes questions en ligne en cliquant sur le bouton \ud83d\ude42<\/p>\n\n\n\n<div class=\"wp-block-buttons is-layout-flex wp-block-buttons-is-layout-flex\">\n<div class=\"wp-block-button has-custom-width wp-block-button__width-50 has-custom-font-size has-large-font-size\"><a class=\"wp-block-button__link wp-element-button\" href=\"mailto:info@funoc.be\" target=\"_blank\" rel=\"noreferrer noopener\">HELLO !<\/a><\/div>\n<\/div>\n\n\n\n<p>D&rsquo;ici \u00e0 notre premi\u00e8re rencontre, tu peux d\u00e9j\u00e0 t&rsquo;inscrire \u00e0 notre newsletter pour \u00eatre tenu inform\u00e9(e) de nos activit\u00e9s ou nous rejoindre sur <a href=\"https:\/\/www.facebook.com\/la.funoc\/\">Facebook<\/a>, <a href=\"https:\/\/www.instagram.com\/funoccharleroi\/\">Instagram<\/a> ou <a href=\"https:\/\/www.tiktok.com\/@funoc6000\">Tiktok<\/a>. \u00c0 tr\u00e8s vite.<\/p>\n\n\n\n<p><\/p>\n","protected":false},"excerpt":{"rendered":"<p>Envie de suivre une formation ? Mais tu te poses 1000 questions ou tu ne sais pas vers quelle fili\u00e8re t&rsquo;orienter ? Pas de soucis ! Viens assister \u00e0 une s\u00e9ance d&rsquo;information \u00e0 la FUNOC. On t&rsquo;explique tout ci-dessous \ud83d\ude42 S\u00e9ance d&rsquo;information Pourquoi assister \u00e0 une s\u00e9ance d&rsquo;info ? C&rsquo;est simple. C&rsquo;est l\u00e0 que tu [&hellip;]<\/p>\n","protected":false},"author":2,"featured_media":0,"parent":0,"menu_order":0,"comment_status":"closed","ping_status":"closed","template":"","meta":{"footnotes":""},"class_list":["post-33","page","type-page","status-publish","hentry"],"yoast_head":"<!-- This site is optimized with the Yoast SEO plugin v21.4 - https:\/\/yoast.com\/wordpress\/plugins\/seo\/ -->\n<title>S\u00e9ance d&#039;information \u00e0 la FUNOC, un premier pas vers la formation<\/title>\n<meta name=\"description\" content=\"La FUNOC organise sa s\u00e9ance d&#039;information tous les lundis, mercredis et vendredis \u00e0 9h30. Venez d\u00e9couvrir nos formations et nos services.\" \/>\n<meta name=\"robots\" content=\"index, follow, max-snippet:-1, max-image-preview:large, max-video-preview:-1\" \/>\n<link rel=\"canonical\" href=\"https:\/\/funoc.be\/?page_id=33\" \/>\n<meta property=\"og:locale\" content=\"fr_FR\" \/>\n<meta property=\"og:type\" content=\"article\" \/>\n<meta property=\"og:title\" content=\"S\u00e9ance d&#039;information \u00e0 la FUNOC, un premier pas vers la formation\" \/>\n<meta property=\"og:description\" content=\"La FUNOC organise sa s\u00e9ance d&#039;information tous les lundis, mercredis et vendredis \u00e0 9h30. Venez d\u00e9couvrir nos formations et nos services.\" \/>\n<meta property=\"og:url\" content=\"https:\/\/funoc.be\/?page_id=33\" \/>\n<meta property=\"og:site_name\" content=\"Funoc\" \/>\n<meta property=\"article:publisher\" content=\"https:\/\/www.facebook.com\/la.funoc\" \/>\n<meta property=\"article:modified_time\" content=\"2025-03-10T09:34:52+00:00\" \/>\n<meta property=\"og:image\" content=\"https:\/\/funoc.be\/wp-content\/uploads\/2025\/03\/funoc_seance_info_hafida.png\" \/>\n<meta name=\"twitter:card\" content=\"summary_large_image\" \/>\n<meta name=\"twitter:label1\" content=\"Dur\u00e9e de lecture estim\u00e9e\" \/>\n\t<meta name=\"twitter:data1\" content=\"3 minutes\" \/>\n<script type=\"application\/ld+json\" class=\"yoast-schema-graph\">{\"@context\":\"https:\/\/schema.org\",\"@graph\":[{\"@type\":\"WebPage\",\"@id\":\"https:\/\/funoc.be\/?page_id=33\",\"url\":\"https:\/\/funoc.be\/?page_id=33\",\"name\":\"S\u00e9ance d'information \u00e0 la FUNOC, un premier pas vers la formation\",\"isPartOf\":{\"@id\":\"https:\/\/funoc.be\/#website\"},\"datePublished\":\"2023-10-19T20:24:07+00:00\",\"dateModified\":\"2025-03-10T09:34:52+00:00\",\"description\":\"La FUNOC organise sa s\u00e9ance d'information tous les lundis, mercredis et vendredis \u00e0 9h30. Venez d\u00e9couvrir nos formations et nos services.\",\"breadcrumb\":{\"@id\":\"https:\/\/funoc.be\/?page_id=33#breadcrumb\"},\"inLanguage\":\"fr-FR\",\"potentialAction\":[{\"@type\":\"ReadAction\",\"target\":[\"https:\/\/funoc.be\/?page_id=33\"]}]},{\"@type\":\"BreadcrumbList\",\"@id\":\"https:\/\/funoc.be\/?page_id=33#breadcrumb\",\"itemListElement\":[{\"@type\":\"ListItem\",\"position\":1,\"name\":\"Accueil\",\"item\":\"https:\/\/funoc.be\/\"},{\"@type\":\"ListItem\",\"position\":2,\"name\":\"S\u00c9ANCE D&rsquo;INFORMATION &#038; ORIENTATION\"}]},{\"@type\":\"WebSite\",\"@id\":\"https:\/\/funoc.be\/#website\",\"url\":\"https:\/\/funoc.be\/\",\"name\":\"FUNOC : la formation \u00e0 Charleroi\",\"description\":\"La formation, c&#039;est FUN&#039; OK ?\",\"publisher\":{\"@id\":\"https:\/\/funoc.be\/#organization\"},\"potentialAction\":[{\"@type\":\"SearchAction\",\"target\":{\"@type\":\"EntryPoint\",\"urlTemplate\":\"https:\/\/funoc.be\/?s={search_term_string}\"},\"query-input\":\"required name=search_term_string\"}],\"inLanguage\":\"fr-FR\"},{\"@type\":\"Organization\",\"@id\":\"https:\/\/funoc.be\/#organization\",\"name\":\"FUNOC : la formation \u00e0 Charleroi\",\"url\":\"https:\/\/funoc.be\/\",\"logo\":{\"@type\":\"ImageObject\",\"inLanguage\":\"fr-FR\",\"@id\":\"https:\/\/funoc.be\/#\/schema\/logo\/image\/\",\"url\":\"https:\/\/funoc.be\/wp-content\/uploads\/2023\/10\/funoc_logo_positif_sansfond_900X900_72pdi.png\",\"contentUrl\":\"https:\/\/funoc.be\/wp-content\/uploads\/2023\/10\/funoc_logo_positif_sansfond_900X900_72pdi.png\",\"width\":900,\"height\":900,\"caption\":\"FUNOC : la formation \u00e0 Charleroi\"},\"image\":{\"@id\":\"https:\/\/funoc.be\/#\/schema\/logo\/image\/\"},\"sameAs\":[\"https:\/\/www.facebook.com\/la.funoc\"]}]}<\/script>\n<!-- \/ Yoast SEO plugin. -->","yoast_head_json":{"title":"S\u00e9ance d'information \u00e0 la FUNOC, un premier pas vers la formation","description":"La FUNOC organise sa s\u00e9ance d'information tous les lundis, mercredis et vendredis \u00e0 9h30. Venez d\u00e9couvrir nos formations et nos services.","robots":{"index":"index","follow":"follow","max-snippet":"max-snippet:-1","max-image-preview":"max-image-preview:large","max-video-preview":"max-video-preview:-1"},"canonical":"https:\/\/funoc.be\/?page_id=33","og_locale":"fr_FR","og_type":"article","og_title":"S\u00e9ance d'information \u00e0 la FUNOC, un premier pas vers la formation","og_description":"La FUNOC organise sa s\u00e9ance d'information tous les lundis, mercredis et vendredis \u00e0 9h30. Venez d\u00e9couvrir nos formations et nos services.","og_url":"https:\/\/funoc.be\/?page_id=33","og_site_name":"Funoc","article_publisher":"https:\/\/www.facebook.com\/la.funoc","article_modified_time":"2025-03-10T09:34:52+00:00","og_image":[{"url":"https:\/\/funoc.be\/wp-content\/uploads\/2025\/03\/funoc_seance_info_hafida.png"}],"twitter_card":"summary_large_image","twitter_misc":{"Dur\u00e9e de lecture estim\u00e9e":"3 minutes"},"schema":{"@context":"https:\/\/schema.org","@graph":[{"@type":"WebPage","@id":"https:\/\/funoc.be\/?page_id=33","url":"https:\/\/funoc.be\/?page_id=33","name":"S\u00e9ance d'information \u00e0 la FUNOC, un premier pas vers la formation","isPartOf":{"@id":"https:\/\/funoc.be\/#website"},"datePublished":"2023-10-19T20:24:07+00:00","dateModified":"2025-03-10T09:34:52+00:00","description":"La FUNOC organise sa s\u00e9ance d'information tous les lundis, mercredis et vendredis \u00e0 9h30. Venez d\u00e9couvrir nos formations et nos services.","breadcrumb":{"@id":"https:\/\/funoc.be\/?page_id=33#breadcrumb"},"inLanguage":"fr-FR","potentialAction":[{"@type":"ReadAction","target":["https:\/\/funoc.be\/?page_id=33"]}]},{"@type":"BreadcrumbList","@id":"https:\/\/funoc.be\/?page_id=33#breadcrumb","itemListElement":[{"@type":"ListItem","position":1,"name":"Accueil","item":"https:\/\/funoc.be\/"},{"@type":"ListItem","position":2,"name":"S\u00c9ANCE D&rsquo;INFORMATION &#038; ORIENTATION"}]},{"@type":"WebSite","@id":"https:\/\/funoc.be\/#website","url":"https:\/\/funoc.be\/","name":"FUNOC : la formation \u00e0 Charleroi","description":"La formation, c&#039;est FUN&#039; OK ?","publisher":{"@id":"https:\/\/funoc.be\/#organization"},"potentialAction":[{"@type":"SearchAction","target":{"@type":"EntryPoint","urlTemplate":"https:\/\/funoc.be\/?s={search_term_string}"},"query-input":"required name=search_term_string"}],"inLanguage":"fr-FR"},{"@type":"Organization","@id":"https:\/\/funoc.be\/#organization","name":"FUNOC : la formation \u00e0 Charleroi","url":"https:\/\/funoc.be\/","logo":{"@type":"ImageObject","inLanguage":"fr-FR","@id":"https:\/\/funoc.be\/#\/schema\/logo\/image\/","url":"https:\/\/funoc.be\/wp-content\/uploads\/2023\/10\/funoc_logo_positif_sansfond_900X900_72pdi.png","contentUrl":"https:\/\/funoc.be\/wp-content\/uploads\/2023\/10\/funoc_logo_positif_sansfond_900X900_72pdi.png","width":900,"height":900,"caption":"FUNOC : la formation \u00e0 Charleroi"},"image":{"@id":"https:\/\/funoc.be\/#\/schema\/logo\/image\/"},"sameAs":["https:\/\/www.facebook.com\/la.funoc"]}]}},"_links":{"self":[{"href":"https:\/\/funoc.be\/index.php?rest_route=\/wp\/v2\/pages\/33","targetHints":{"allow":["GET"]}}],"collection":[{"href":"https:\/\/funoc.be\/index.php?rest_route=\/wp\/v2\/pages"}],"about":[{"href":"https:\/\/funoc.be\/index.php?rest_route=\/wp\/v2\/types\/page"}],"author":[{"embeddable":true,"href":"https:\/\/funoc.be\/index.php?rest_route=\/wp\/v2\/users\/2"}],"replies":[{"embeddable":true,"href":"https:\/\/funoc.be\/index.php?rest_route=%2Fwp%2Fv2%2Fcomments&post=33"}],"version-history":[{"count":16,"href":"https:\/\/funoc.be\/index.php?rest_route=\/wp\/v2\/pages\/33\/revisions"}],"predecessor-version":[{"id":530,"href":"https:\/\/funoc.be\/index.php?rest_route=\/wp\/v2\/pages\/33\/revisions\/530"}],"wp:attachment":[{"href":"https:\/\/funoc.be\/index.php?rest_route=%2Fwp%2Fv2%2Fmedia&parent=33"}],"curies":[{"name":"wp","href":"https:\/\/api.w.org\/{rel}","templated":true}]}}